e
Let g(q) = 9*q - 14. Let p = -21 - -23. Let j be p/(-5) - (-378)/45. Is g(j) a prime number?
False
Suppose -3*a + a + 41750 = 4*k, 3*k = -3*a + 62640. Is a a prime number?
False
Suppose 0 = -4*a - 3*d - 114, -3*a - 5*d - 118 = a. Let f = a - -30. Suppose -4*x - 4*r = -0*x - 1128, -f*x = 4*r - 841. Is x a composite number?
True
Suppose 2*f - 1026 = 1666. Is f a prime number?
False
Suppose 254456 + 121750 = 5*o - 4*z, 0 = 4*o + 5*z - 300932. Is o composite?
True
Let p(i) = -i**3 + 28*i**2 - 45*i - 12. Is p(14) prime?
False
Suppose -6*a + 3*a + 24 = 0. Let v = a + -5. Suppose -v*b + 2346 = 723. Is b prime?
True
Suppose 0 = 3*r - 3*x - 42432, 25273 + 17153 = 3*r + 3*x. Is r a composite number?
False
Is -49316*(-10)/20 + 9 composite?
True
Suppose -5*u + 5*n + 27970 = 0, n - 12992 + 1813 = -2*u. Is u a composite number?
False
Let k = -18415 + 62216. Is k a prime number?
True
Let r be 20/(-8)*12/(-5). Suppose -r*m - m + 10367 = 0. Is m composite?
False
Suppose 18*l - 23*l - 15 = 0. Is (4 + 1030/l)/((-2)/3) prime?
True
Suppose 0 = -4*h - 5*f + 39, -f - 2*f = 3*h - 27. Is ((-3898)/h)/((-5)/15) prime?
True
Let r(t) = t**3 - 2*t**2 - t. Let u be r(4). Suppose -2*d - 12 + 22 = 0. Let l = d + u. Is l a composite number?
True
Suppose -7*m = -12767 - 30598. Suppose -140 + m = 5*n. Is n composite?
True
Suppose 9*w + 12110 = -5*w. Let y = 2408 + w. Is y a composite number?
False
Let f = 5835 + -3914. Is f a composite number?
True
Let o = -5 - -7. Suppose v = 2 + o. Suppose a + 237 = v*a. Is a a prime number?
True
Let a be 4 - (-2 - -480)/(-2). Let c = a + -124. Is c a prime number?
False
Suppose 10*v = 12*v + 14. Let x(m) = -m**3 + m**2 + 9*m + 2. Is x(v) prime?
True
Suppose -4*c + 5062 = -1542. Is c a prime number?
False
Let d(p) = 29*p - 14. Let v be d(9). Suppose 5*w = -3*n + 314, 0*w + v = 4*w + n. Suppose w = 2*l - 3*h, l - 8*h = -4*h + 43. Is l a prime number?
True
Let k = -30815 + 115192. Is k a prime number?
True
Let a = -481 - -2400. Is a a prime number?
False
Let m be (49/14)/((-2)/(-172)). Let u = -138 + m. Is u a composite number?
False
Let w(v) = -v**3 - 6*v**2 + 3. Let b be w(-6). Suppose b*l + 5573 = -0*l + 4*j, j = -2*l - 3730. Is (-2)/6*(l + -6) a prime number?
False
Let z(q) = 2*q**2 - 10*q - 8. Let a be z(6). Is 839*(0 + (3 - (a - 2))) composite?
False
Suppose -3*w + 2*s + 214529 = 32056, 3*s = 4*w - 243299. Is w a composite number?
False
Suppose -3*n + 5 = -10. Suppose n*i = 4*b - 2967, 384 = -b + 2*i + 1125. Is b prime?
True
Let u be ((-72)/45)/(4/(-10)). Let t be 3 + -1 + (u - 3). Suppose 3*d + t*h - 123 = 27, 0 = -d + 4*h + 75. Is d a prime number?
False
Suppose 2*u - 40793 = 3*g, 0*g - 6 = -2*g. Is u a prime number?
False
Let s = -2208 - -3857. Suppose x + 3*d - s = 0, -4*d + 2*d + 8193 = 5*x. Is x composite?
False
Let c(j) = 501*j - 247. Is c(24) composite?
False
Let z(d) = -d**3 + 19*d**2 - 26*d + 5. Let p be z(19). Is 0 + -1 - (p - 5) a composite number?
True
Let a be (114 - (-1 + 1)) + 2. Suppose 4*g = 2*p + a, -5*g + 2*p + 144 = -p. Let u = -16 + g. Is u a composite number?
True
Let j(u) = 3*u + 39. Let v be j(-12). Is v/(-4) + 6155/20 prime?
True
Suppose -o - 3*z + 560 = 0, -2*z + 5*z + 2210 = 4*o. Suppose 0 = 3*c - o - 28. Is c prime?
False
Let h = -2785 - -8576. Is h prime?
True
Suppose -4*b + 5*q + 25 = 0, 4*q = -2*b + 3*q + 9. Let u(d) = -27*d - 139. Let c be u(-7). Suppose b*h + 5*t = 90, 1 = 2*h - t - c. Is h a prime number?
True
Suppose 3*q - 4*p + 844 = 39921, -5*p + 39113 = 3*q. Is q composite?
True
Let u = -17 - -29. Suppose 2*t + u = 5*t. Is 14/7*166/t a composite number?
False
Let b be 170/8 + (-2)/8. Let a = 208 + -180. Is (-8)/a - (-531)/b prime?
False
Let f(z) be the first derivative of -17*z**4/12 + 5*z**3/3 - 3*z**2 + 2. Let c(x) be the second derivative of f(x). Is c(-6) a prime number?
False
Let h(a) = a**3 + 2*a**2 - 4*a. Let r be h(-3). Suppose -2 = -f + 1. Suppose -3*u + 7 + 459 = -l, -f*u + 456 = -r*l. Is u a composite number?
False
Suppose l = 4*n + 7 - 2, -2*n + 2*l = 10. Suppose n = -4*b - 14 + 2. Let u(a) = 9*a**2 - 2*a + 2. Is u(b) prime?
True
Suppose -425 = -m - 4*j, 2*j - 838 = -2*m - 0*m. Suppose 2*v + 5*l = 5*v + 3155, 3*v + 3175 = l. Let g = m - v. Is g prime?
False
Suppose -2*m - 3*m = -4*f + 3486, -4*f + 3*m = -3482. Is f a prime number?
False
Suppose -k + 464 = k. Let u = k + -111. Is u a composite number?
True
Let h = 111 + -115. Is (-3 - h)/((-1)/(-1317)) composite?
True
Is (7 + -6)*(-2)/(4/(-62)) composite?
False
Let t(p) = 70*p - 377. Is t(16) prime?
True
Let q be 0*((-4)/(-2) + -1). Suppose q = a - 6 + 24. Is (-986)/a + 6/27 prime?
False
Let m(l) = -39*l + 10. Let v(p) = -8*p + 2. Let a(r) = 2*m(r) - 11*v(r). Let d be a(-10). Let y = d - -195. Is y a composite number?
True
Suppose 0 = k + y - 8, 5*y + 18 = 4*k - 32. Suppose -2898 = -k*g + 3832. Is g composite?
False
Suppose -287 = 7*d - 75096. Is d composite?
False
Suppose 5*z - 2*z - 3*c = 3378, 0 = 3*c. Is z a prime number?
False
Suppose 245 = 5*t - 3*f, 0 = t - 2*t + f + 47. Let i(n) = n**2 - 11*n - 2. Let u be i(-5). Let b = u - t. Is b a prime number?
False
Let w(z) = z**2 - 5*z - 4. Let d be w(6). Suppose -d*g - 303 - 127 = 0. Let f = -88 - g. Is f a composite number?
False
Is (-1 - -2)/((18/50874)/3) composite?
True
Let u(g) = -12*g - 18. Let i(t) = -12*t - 17. Let f(d) = -5*i(d) + 4*u(d). Is f(6) prime?
False
Suppose -3416 + 34514 = 2*q + 2*f, 5*q - 2*f = 77759. Is q prime?
True
Let c = -17 - -19. Let v(b) = 105*b + 1. Is v(c) a composite number?
False
Let s = 541 + -232. Let r = s - -202. Is r prime?
False
Suppose 3*v = c + 3, -3*v - 4 = 3*c - 31. Let i(t) = 144*t**2 - 2*t - 2. Let a be i(-1). Is 404/c*a/32 a prime number?
False
Suppose 3*n = g - 0*g + 1059, -4*n - 4*g = -1428. Let o = n + -47. Is o a prime number?
True
Let m(z) = -2342*z + 6. Let x be m(2). Is (-5)/15 + x/(-3) composite?
False
Suppose -3*v - 197 = -y - 8*v, -4*y - 4*v = -740. Is (y/4)/(3*(-6)/(-36)) a composite number?
True
Let u(d) = -d**3 - 7*d**2 + 2*d + 4. Let y be u(-8). Suppose o - 2*o - 3*z = -y, 2*z - 168 = -4*o. Suppose -6 = -2*b + o. Is b a composite number?
False
Suppose -419 = 4*t - 4371. Let w = -201 + t. Is w prime?
True
Let g(c) = 8*c**2 - 30*c - 89. Is g(-28) a composite number?
True
Suppose 5*f = 5*s, -2*f - s = -0 - 6. Is (1/f)/(4/2648) a prime number?
True
Let v = -30257 + 44400. Is v prime?
True
Suppose -v - 4*h + 61 = 0, 5*v - 3*h - 125 - 203 = 0. Is v a prime number?
False
Let g = 73 - -2. Suppose -t = 25 - g. Suppose x + 4*h - 102 = -x, x + 3*h - t = 0. Is x prime?
True
Let x(y) = -4*y**2 + 5*y + 1. Let v be x(-2). Let i = 56 + v. Is i a composite number?
False
Suppose 0 = 3*t + 3, 161 = 4*s + t - 2*t. Suppose -4*i - 4*w = -s, -4*i + i + 4*w = 5. Suppose h + 2*a - 43 = 0, h - i*a - 3 = 19. Is h prime?
True
Let a(h) be the third derivative of h**5/60 + h**4/2 - 4*h**3/3 - 9*h**2. Let n be a(10). Suppose n = -0*k + 2*k. Is k composite?
True
Suppose -55 = 4*d + 185. Let w = 27 + d. Is 1/((-102)/w - 3) prime?
True
Let b be ((-730)/12)/(-5) - (-11)/(-66). Suppose -b*x + 28730 = -30730. Is x composite?
True
Let t = -17 - -18. Is (-1 - (t + 0)) + 33 + 34 a composite number?
True
Let b be ((-18)/4 - -2)*-2. Suppose -3*k - c = -17, 5*k = -2*c + b*c + 19. Suppose x - k*x = -844. Is x prime?
True
Let w = 3 - -1. Suppose -2*c - 55 = -3*q, -w*q - 2*c - c + 45 = 0. Suppose 3*x - l - 10 = 19, 0 = -x - l + q. Is x composite?
False
Let y(t) = -2 - 66*t - 3 - 1 - 5. Is y(-5) composite?
True
Let a = 16845 - 9284. Is a prime?
True
Let k(v) be the first derivative of 176*v**2 + 31*v + 17. Is k(3) a prime number?
True
Let f(r) be the third derivative of -9*r**2 - 7/12*r**4 + 1/20*r**5 + 7/3*r**3 + 0 + 0*r. Is f(11) prime?
True
Let a = -25 - -16. Let n(o) = -2*o**3 - 12*o**2 + 8*o + 1. Is n(a) a composite number?
True
Suppose 9*w = 19*w - 13970. Is w a prime number?
False
Let j be 84810/45 + (-2)/(3*-2). Let y = j - 978. Is y composite?
False
Let t(d) = 15*d**2 - 3*d + 1. Let h be 3 + (-4 - 5)*1. Is t(h) composite?
True
Let u = 55 - 30. Let b = u - 5. Suppose 0 = -4*r - b, 3*n - 4*r - 47 = -0*r. Is n a composite number?
True
Let i = 21 - 17. Suppose s - 134 = -s + i*m, 0 = -s - 2*m + 51. Suppose 2*a = 3*d - 175, -4*d - 3*a + s = -146. Is d a prime number?
F